[INFO] fetching crate hexfloat 0.1.3...
[INFO] checking hexfloat-0.1.3 against master#cfbc6d4cf1acbac5c025acf8ed68929caa551df3 for pr-75494-beta
[INFO] extracting crate hexfloat 0.1.3 into /workspace/builds/worker-10/source
[INFO] validating manifest of crates.io crate hexfloat 0.1.3 on toolchain cfbc6d4cf1acbac5c025acf8ed68929caa551df3
[INFO] running `Command { std: "/workspace/cargo-home/bin/cargo" "+cfbc6d4cf1acbac5c025acf8ed68929caa551df3" "read-manifest" "--manifest-path" "Cargo.toml", kill_on_drop: false }`
[INFO] started tweaking crates.io crate hexfloat 0.1.3
[INFO] finished tweaking crates.io crate hexfloat 0.1.3
[INFO] tweaked toml for crates.io crate hexfloat 0.1.3 written to /workspace/builds/worker-10/source/Cargo.toml
[INFO] running `Command { std: "/workspace/cargo-home/bin/cargo" "+cfbc6d4cf1acbac5c025acf8ed68929caa551df3" "generate-lockfile" "--manifest-path" "Cargo.toml" "-Zno-index-update", kill_on_drop: false }`
[INFO] running `Command { std: "/workspace/cargo-home/bin/cargo" "+cfbc6d4cf1acbac5c025acf8ed68929caa551df3" "fetch" "--locked" "--manifest-path" "Cargo.toml", kill_on_drop: false }`
[INFO] running `Command { std: "docker" "create" "-v" "/var/lib/crater-agent-workspace/builds/worker-10/target:/opt/rustwide/target:rw,Z" "-v" "/var/lib/crater-agent-workspace/builds/worker-10/source:/opt/rustwide/workdir:ro,Z" "-v" "/var/lib/crater-agent-workspace/cargo-home:/opt/rustwide/cargo-home:ro,Z" "-v" "/var/lib/crater-agent-workspace/rustup-home:/opt/rustwide/rustup-home:ro,Z" "-e" "SOURCE_DIR=/opt/rustwide/workdir" "-e" "CARGO_TARGET_DIR=/opt/rustwide/target" "-e" "CARGO_HOME=/opt/rustwide/cargo-home" "-e" "RUSTUP_HOME=/opt/rustwide/rustup-home" "-w" "/opt/rustwide/workdir" "-m" "1610612736" "--user" "0:0" "--network" "none" "rustops/crates-build-env@sha256:a636fd89d022f18117e1dc8fb37a0a009933cdbbe082814857f0e2024962d47c" "/opt/rustwide/cargo-home/bin/cargo" "+cfbc6d4cf1acbac5c025acf8ed68929caa551df3" "metadata" "--no-deps" "--format-version=1", kill_on_drop: false }`
[INFO] [stdout] 1a70f9405ce3039451d8eb2dbf15e371846c26834ec1794a96f2c43463506a9f
[INFO] [stderr] WARNING: Your kernel does not support swap limit capabilities or the cgroup is not mounted. Memory limited without swap.
[INFO] running `Command { std: "docker" "start" "-a" "1a70f9405ce3039451d8eb2dbf15e371846c26834ec1794a96f2c43463506a9f", kill_on_drop: false }`
[INFO] running `Command { std: "docker" "inspect" "1a70f9405ce3039451d8eb2dbf15e371846c26834ec1794a96f2c43463506a9f", kill_on_drop: false }`
[INFO] running `Command { std: "docker" "rm" "-f" "1a70f9405ce3039451d8eb2dbf15e371846c26834ec1794a96f2c43463506a9f", kill_on_drop: false }`
[INFO] [stdout] 1a70f9405ce3039451d8eb2dbf15e371846c26834ec1794a96f2c43463506a9f
[INFO] running `Command { std: "docker" "create" "-v" "/var/lib/crater-agent-workspace/builds/worker-10/target:/opt/rustwide/target:rw,Z" "-v" "/var/lib/crater-agent-workspace/builds/worker-10/source:/opt/rustwide/workdir:ro,Z" "-v" "/var/lib/crater-agent-workspace/cargo-home:/opt/rustwide/cargo-home:ro,Z" "-v" "/var/lib/crater-agent-workspace/rustup-home:/opt/rustwide/rustup-home:ro,Z" "-e" "SOURCE_DIR=/opt/rustwide/workdir" "-e" "CARGO_TARGET_DIR=/opt/rustwide/target" "-e" "CARGO_INCREMENTAL=0" "-e" "RUST_BACKTRACE=full" "-e" "RUSTFLAGS=--cap-lints=forbid" "-e" "CARGO_HOME=/opt/rustwide/cargo-home" "-e" "RUSTUP_HOME=/opt/rustwide/rustup-home" "-w" "/opt/rustwide/workdir" "-m" "1610612736" "--user" "0:0" "--network" "none" "rustops/crates-build-env@sha256:a636fd89d022f18117e1dc8fb37a0a009933cdbbe082814857f0e2024962d47c" "/opt/rustwide/cargo-home/bin/cargo" "+cfbc6d4cf1acbac5c025acf8ed68929caa551df3" "check" "--frozen" "--all" "--all-targets" "--message-format=json", kill_on_drop: false }`
[INFO] [stdout] 35fb985ef6bc5c9848471b455170fefd544745c01edc8557ab02a6679fc5a56f
[INFO] [stderr] WARNING: Your kernel does not support swap limit capabilities or the cgroup is not mounted. Memory limited without swap.
[INFO] running `Command { std: "docker" "start" "-a" "35fb985ef6bc5c9848471b455170fefd544745c01edc8557ab02a6679fc5a56f", kill_on_drop: false }`
[INFO] [stderr]    Compiling hexfloat v0.1.3 (/opt/rustwide/workdir)
[INFO] [stdout] error: invalid suffix `i` for integer literal
[INFO] [stdout]   --> src/lib.rs:68:21
[INFO] [stdout]    |
[INFO] [stdout] 68 |     let mut d_len = 0i;
[INFO] [stdout]    |                     ^^ invalid suffix `i`
[INFO] [stdout]    |
[INFO] [stdout]    = help: the suffix must be one of the integral types (`u32`, `isize`, etc)
[INFO] [stdout] 
[INFO] [stdout] 
[INFO] [stdout] error: invalid suffix `i` for integer literal
[INFO] [stdout]   --> src/lib.rs:73:21
[INFO] [stdout]    |
[INFO] [stdout] 73 |     let mut f_len = 0i;
[INFO] [stdout]    |                     ^^ invalid suffix `i`
[INFO] [stdout]    |
[INFO] [stdout]    = help: the suffix must be one of the integral types (`u32`, `isize`, etc)
[INFO] [stdout] 
[INFO] [stdout] 
[INFO] [stdout] error: invalid suffix `i` for integer literal
[INFO] [stdout]   --> src/lib.rs:83:21
[INFO] [stdout]    |
[INFO] [stdout] 83 |     let mut e_len = 0i;
[INFO] [stdout]    |                     ^^ invalid suffix `i`
[INFO] [stdout]    |
[INFO] [stdout]    = help: the suffix must be one of the integral types (`u32`, `isize`, etc)
[INFO] [stdout] 
[INFO] [stdout] 
[INFO] [stdout] error: invalid suffix `i` for integer literal
[INFO] [stdout]   --> src/lib.rs:68:21
[INFO] [stdout]    |
[INFO] [stdout] 68 |     let mut d_len = 0i;
[INFO] [stdout]    |                     ^^ invalid suffix `i`
[INFO] [stdout]    |
[INFO] [stdout]    = help: the suffix must be one of the integral types (`u32`, `isize`, etc)
[INFO] [stdout] 
[INFO] [stdout] 
[INFO] [stdout] error: invalid suffix `i` for integer literal
[INFO] [stdout]   --> src/lib.rs:73:21
[INFO] [stdout]    |
[INFO] [stdout] 73 |     let mut f_len = 0i;
[INFO] [stdout]    |                     ^^ invalid suffix `i`
[INFO] [stdout]    |
[INFO] [stdout]    = help: the suffix must be one of the integral types (`u32`, `isize`, etc)
[INFO] [stdout] 
[INFO] [stdout] 
[INFO] [stdout] error: invalid suffix `i` for integer literal
[INFO] [stdout]   --> src/lib.rs:83:21
[INFO] [stdout]    |
[INFO] [stdout] 83 |     let mut e_len = 0i;
[INFO] [stdout]    |                     ^^ invalid suffix `i`
[INFO] [stdout]    |
[INFO] [stdout]    = help: the suffix must be one of the integral types (`u32`, `isize`, etc)
[INFO] [stdout] 
[INFO] [stdout] 
[INFO] [stdout] error: invalid suffix `i` for integer literal
[INFO] [stdout]   --> src/lib.rs:68:21
[INFO] [stdout]    |
[INFO] [stdout] 68 |     let mut d_len = 0i;
[INFO] [stdout]    |                     ^^ invalid suffix `i`
[INFO] [stdout]    |
[INFO] [stdout]    = help: the suffix must be one of the integral types (`u32`, `isize`, etc)
[INFO] [stdout] 
[INFO] [stdout] 
[INFO] [stdout] error: invalid suffix `i` for integer literal
[INFO] [stdout]   --> src/lib.rs:73:21
[INFO] [stdout]    |
[INFO] [stdout] 73 |     let mut f_len = 0i;
[INFO] [stdout]    |                     ^^ invalid suffix `i`
[INFO] [stdout]    |
[INFO] [stdout]    = help: the suffix must be one of the integral types (`u32`, `isize`, etc)
[INFO] [stdout] 
[INFO] [stdout] 
[INFO] [stdout] error[E0463]: can't find crate for `syntax`
[INFO] [stdout]   --> src/lib.rs:39:1
[INFO] [stdout]    |
[INFO] [stdout] 39 | extern crate syntax;
[INFO] [stdout]    | ^^^^^^^^^^^^^^^^^^^^ can't find crate
[INFO] [stdout] 
[INFO] [stdout] 
[INFO] [stdout] error: invalid suffix `i` for integer literal
[INFO] [stdout]   --> src/lib.rs:83:21
[INFO] [stdout]    |
[INFO] [stdout] 83 |     let mut e_len = 0i;
[INFO] [stdout]    |                     ^^ invalid suffix `i`
[INFO] [stdout]    |
[INFO] [stdout]    = help: the suffix must be one of the integral types (`u32`, `isize`, etc)
[INFO] [stdout] 
[INFO] [stdout] 
[INFO] [stdout] error[E0463]: can't find crate for `syntax`
[INFO] [stdout]   --> src/lib.rs:39:1
[INFO] [stdout]    |
[INFO] [stdout] 39 | extern crate syntax;
[INFO] [stdout]    | ^^^^^^^^^^^^^^^^^^^^ can't find crate
[INFO] [stdout] 
[INFO] [stdout] 
[INFO] [stderr] error: could not compile `hexfloat`.
[INFO] [stdout] error: aborting due to 4 previous errors
[INFO] [stdout] 
[INFO] [stdout] 
[INFO] [stderr] 
[INFO] [stdout] error: aborting due to 4 previous errors
[INFO] [stdout] 
[INFO] [stdout] 
[INFO] [stderr] To learn more, run the command again with --verbose.
[INFO] [stdout] For more information about this error, try `rustc --explain E0463`.
[INFO] [stdout] 
[INFO] [stderr] warning: build failed, waiting for other jobs to finish...
[INFO] [stdout] For more information about this error, try `rustc --explain E0463`.
[INFO] [stdout] 
[INFO] [stdout] error[E0463]: can't find crate for `syntax`
[INFO] [stdout]   --> src/lib.rs:39:1
[INFO] [stdout]    |
[INFO] [stdout] 39 | extern crate syntax;
[INFO] [stdout]    | ^^^^^^^^^^^^^^^^^^^^ can't find crate
[INFO] [stdout] 
[INFO] [stdout] 
[INFO] [stderr] error: build failed
[INFO] [stdout] error: aborting due to 4 previous errors
[INFO] [stdout] 
[INFO] [stdout] 
[INFO] [stdout] For more information about this error, try `rustc --explain E0463`.
[INFO] [stdout] 
[INFO] running `Command { std: "docker" "inspect" "35fb985ef6bc5c9848471b455170fefd544745c01edc8557ab02a6679fc5a56f", kill_on_drop: false }`
[INFO] running `Command { std: "docker" "rm" "-f" "35fb985ef6bc5c9848471b455170fefd544745c01edc8557ab02a6679fc5a56f", kill_on_drop: false }`
[INFO] [stdout] 35fb985ef6bc5c9848471b455170fefd544745c01edc8557ab02a6679fc5a56f
